r - x*a + 525. Is 21 a factor of r?
True
Let v = 7695 - 5431. Is 32 a factor of v?
False
Let t(m) be the second derivative of -m**5/20 - m**4/12 + m**3/2 - 6*m**2 - 40*m. Is 29 a factor of t(-7)?
True
Suppose t = 5*c + 4*t + 2201, 0 = -5*c - 5*t - 2205. Let m = -217 - c. Does 7 divide m?
False
Suppose o + 2 = -q, 4*o - 56 = q - 79. Suppose -4*x - 20 = 0, -2*x + 1030 = -w + q*w. Does 14 divide w?
False
Suppose -26*h - 6*h + 269100 = 33*h. Is h a multiple of 12?
True
Let o = 15 - -40. Is 14 a factor of (o/(-7) + -5)*-7?
False
Let o = -4 - 60. Let i = 94 + o. Is 2/15 + -6146*(-1)/i a multiple of 33?
False
Is (1 + 0)*4595*(-21)/(-105) a multiple of 23?
False
Let g = 3332 - -8353. Suppose 15*n - g = -0*n. Is n a multiple of 7?
False
Suppose 5*t = 5*h + 15, 0 = -4*h - 16 - 4. Let m be (1 + t)*(-4 + 307 + -1). Let b = -188 - m. Is 23 a factor of b?
False
Is 80 a factor of 1/(3/(-5455)*(-16)/48)?
False
Suppose 80*o = -43*o + 580314. Is o a multiple of 29?
False
Let i be 10*((-4)/(-6) + 19/(-285)). Suppose -2*s = -4*y + i, -y - 4*s - 2 + 8 = 0. Suppose -4*a - y*n = -3*a - 91, -2*n = 10. Is a a multiple of 8?
False
Suppose 0 = 2*b + 5*t - 31272, -126*b = -121*b - t - 78180. Is b a multiple of 22?
False
Let n be -6*-3*(-5)/(-9). Let m be (-4 + -1)/n*10. Let j(u) = -u**2 - 6*u + 3. Is j(m) a multiple of 8?
True
Suppose 84 = -r + 5*r. Suppose -4*s - 365 = -3*w, w - 3*s - 115 = 10. Suppose 5*o = 4*p + w, r = o - 0*o + 2*p. Is 9 a factor of o?
False
Suppose 3*o - 1 - 5 = 0. Suppose 5*h - 2*r - 268 = -12, -102 = -o*h + r. Suppose -h = -2*z + 32. Does 14 divide z?
True
Let y = -555 - -2264. Does 19 divide y?
False
Suppose 48381 = 14*i - 8*i + 17481. Is i a multiple of 58?
False
Let j = -12813 + 19725. Is 32 a factor of j?
True
Suppose 2*c = -2*l + 6438, 0 = 4*c - 89*l + 85*l - 12916. Is 125 a factor of c?
False
Suppose 271*l - 131*l - 84735 = 125*l. Is l a multiple of 3?
True
Suppose -4*z = -3*j - 1849, -5*j - 2303 = -5*z - 4*j. Suppose -z - 2 = -4*x + 3*a, -2*x + 5*a = -238. Is x a multiple of 57?
True
Let g = -11303 + 20150. Does 7 divide g?
False
Suppose -3*t + 3*l = -6, -3*l - 7 = -4*t + 3. Suppose -3*s = -t*q + 5 + 145, -5*q = 15. Does 7 divide ((-56)/(-12))/((-6)/s)?
True
Let b = -389 - -510. Suppose 4*g - 2477 + b = 0. Is 42 a factor of g?
False
Suppose -16*v - 10365 = -43197. Is 57 a factor of v?
True
Suppose 2*q - w - 13 = 0, -3*q - 16 = -5*q + 4*w. Suppose -9*h + 3*h = -300. Suppose -q*i + 11*i - h = 0. Is 4 a factor of i?
False
Let u be 8/(-2) - (-16 - 6/(-3)). Let w(j) = 39*j - 26. Is w(u) a multiple of 52?
True
Suppose 2 = -0*b + b. Suppose -4 - 20 = b*x. Is (x/10)/(1*(-12)/1280) a multiple of 31?
False
Suppose 5 + 3 = 4*k. Suppose -k*n = 2*n - 2*h + 4, -5*n - 4*h + 8 = 0. Suppose -3*w + 88 = -n*q + 2*q, -2*q + 88 = -3*w. Does 22 divide q?
True
Let k(l) = -20*l + 128. Let p be k(9). Suppose 0 = -2*b - 0*b - 3*f - 2, -b - 3*f + 5 = 0. Let g = b - p. Is 15 a factor of g?
True
Suppose -3*s = -17*t - 11192, -2*t = s - 819 - 2904. Is 53 a factor of s?
False
Suppose -12 = -0*r - 4*r, -5*c + 2*r + 3294 = 0. Suppose 2*t = -3*v + c, 0 = -v - 3*v - 4*t + 876. Is 6 a factor of v?
True
Let f(k) = -k**3 + 29*k**2 + 2*k - 52. Let g be f(29). Let i be 267/6 - 3/(-2). Suppose m - g*c + c = 55, m = 2*c + i. Is 10 a factor of m?
True
Let h(m) = m**2 - 3*m + 1. Let v be h(4). Let g(i) = 22 + 16*i - 7 - 6 - 12. Does 7 divide g(v)?
True
Suppose -7 + 1 = 2*q, -5*q - 45 = -2*y. Let b = 15 + y. Suppose -b*f - 132 = -32*f. Does 9 divide f?
False
Let n be (-70 - -73) + 863*3. Suppose 0 = 14*u - 23*u + n. Is 16 a factor of u?
True
Let l(r) = -4*r**3 - 263*r**2 + 34*r + 156. Does 27 divide l(-66)?
True
Let j(s) = -s**3 - 73*s**2 + 47*s - 924. Is j(-74) a multiple of 2?
True
Let v = -243 - -243. Suppose 105*b - 94*b - 6897 = v. Does 5 divide b?
False
Let g = 10810 - 4411. Does 31 divide g?
False
Let x = 341 + -481. Let d = 21 - x. Is d a multiple of 23?
True
Does 97 divide ((-564057)/468)/(3/(-8))?
False
Suppose 4*z = -4*b + 28, 7 + 3 = 5*z. Suppose -3*c = -15, -2*c - 515 = -b*v - 7*c. Let f = v - 57. Does 11 divide f?
False
Suppose -255*a + 666253 - 159583 + 696930 = 0. Is a a multiple of 236?
True
Let y = 42 + 8. Let x be 1/((-2)/(-1514)) + (46 - y). Is 22 a factor of (5*3/45)/(1/x)?
False
Suppose -2*j + 1368 = -3*w - 1335, -6 = -2*w. Suppose 0 = -5*l - 4*x + 824 + j, -435 = -l - x. Does 11 divide l?
True
Suppose 6*s - 32 = -2. Suppose -s*w - 4*n + 482 = 0, -n = -5*w + 330 + 162. Is w a multiple of 22?
False
Suppose 222 = 5*l + 637. Let z = 112 + l. Is 13 a factor of z?
False
Suppose 3*l = 3*r - 17 + 5, 2*l - 4*r = -18. Suppose 0*n - 10 = n - 4*h, -l = -2*n + h. Suppose -3*k + 361 = n*t, 7*t - 5*t - 343 = 3*k. Does 16 divide t?
True
Does 36 divide (-15)/(-2)*-1*(-442)/13?
False
Let r be 1*-20 + 3 + 2 + -6. Let v = r - -44. Suppose -v*c = -22*c - 67. Does 7 divide c?
False
Let f = 466 + -100. Let h be (-12 - -13)*-7 - 254. Let l = f + h. Is l a multiple of 15?
True
Let q(w) = 2*w**3 - 205*w**2 + 118*w - 636. Is q(102) a multiple of 154?
False
Suppose 9*b - 14*b + 35 = 0. Suppose 10*a + b = 27. Suppose n - 5*g = 4, -n + a*g + 2*g + 8 = 0. Is n a multiple of 4?
True
Let q = 41 - 45. Is ((-1)/((-1)/q) - 2)*-11 a multiple of 49?
False
Let q = -39322 - -45748. Does 9 divide q?
True
Let y(k) = 51*k - 1 - k**3 - 5*k**2 - 2 - 27*k - 25*k. Let u = -11 - -6. Does 2 divide y(u)?
True
Let k = 28 - 17. Suppose y = -b + 172, -3*b = -2*y + 238 + 86. Suppose 4*m - k*m = -y. Is m a multiple of 6?
True
Let b(i) = -i**2 + 10*i + 5. Let s be b(-6). Let d = -25 - s. Let g = d + -31. Does 9 divide g?
False
Let o = 10505 - 8511. Is o a multiple of 14?
False
Let o = 118 + -110. Is 27 a factor of o/(-6)*(-4)/(80/915)?
False
Let h(r) = -92*r**3 - 8*r**2 - 11*r + 4. Suppose 2*p + 3*f = -2*f + 1, 5*f - 3 = -p. Does 73 divide h(p)?
True
Let d = -61 - -64. Suppose 5*y - 165 = 5*t, -d*y + 3*t = 6*t - 105. Suppose 36*k - 18 = y*k. Is k a multiple of 2?
False
Let g(q) = -5*q**3 + 17*q**2 - 69*q - 14. Is 42 a factor of g(-10)?
False
Let q = -24371 + 30999. Is 6 a factor of q?
False
Let t(d) = -15*d + 29. Let k be t(-2). Let v be (3 + 1)/4 - -32. Let p = k - v. Is 6 a factor of p?
False
Let a(x) = x**3 - 2*x**2 + 22*x - 120. Let v(u) = -u**2 + u + 6. Let f be v(0). Is 6 a factor of a(f)?
True
Does 2 divide -1*19501/(-9) + -3*30/(-405)?
False
Let c(f) = 5*f**2 + 2*f - 26. Suppose 27 = 3*m + 5*o, -2*m = 5*o + 4 - 22. Is 24 a factor of c(m)?
False
Suppose 2*w - 64 = -24. Suppose -3880 = 10*u - w*u. Does 34 divide u?
False
Is (-3308)/(-5)*(-15)/(-9) + 236/(-354) a multiple of 19?
True
Suppose 3*x = 5*o + 4 + 21, -15 = -2*x + 3*o. Suppose -4*k - 2*c - 18 = 0, x*k + 3*c = -2*k - 11. Does 20 divide (-53 - -3)*k/10?
True
Suppose -8*r - 8154162 = -195*r - 67*r. Does 19 divide r?
False
Does 37 divide ((-37820)/(-8))/(30/60*(0 + 1))?
False
Suppose 2*f = 8, 0 = 4*m - 5*f - 5 + 13. Suppose 8*w - m*w - 1660 = -5*v, 3*v + 664 = 2*w. Suppose -3*x = -w - 136. Does 39 divide x?
True
Does 15 divide ((704/80)/22)/(-1 - 24792/(-24790))?
False
Let h(s) = -11*s - 87. Let f be (8/6)/(32/(-432)). Is 16 a factor of h(f)?
False
Suppose 9 + 7 = 4*b. Let f = 17 - 7. Suppose b*k + a = f + 530, 5*a + 292 = 2*k. Does 17 divide k?
True
Let w(m) be the third derivative of -m**4 - 2*m**3 + 17*m**2. Let u(j) = -j + 6. Let c be u(11). Is 18 a factor of w(c)?
True
Suppose 0 = 9*f - 31361 + 7169. Is f a multiple of 64?
True
Does 167 divide (-14)/(-6) - -22*81871/186?
True
Let v = 182 - 131. Let m = v - 37. Suppose -13*c = m - 963. Is 7 a factor of c?
False
Suppose -9*s - 188 = 55. Is 6 a factor of (273/63)/((-1)/s)?
False
Suppose -4*i - 6*r + 4*r = 1442, -5*i = -3*r + 1819. Is 12 a factor of 6/(-30) + i/(-10)?
True
Let i(j) = -j**3 + 65*j**2 + 214*j + 277. Is 19 a factor of i(59)?
False
Suppose 11*f + 35*f - 18*f = 367696. Does 98 divide f?
True
Let z = 33 + -31. Suppose 3*y - 26 = -z. Let j(c) = -c**3 + 9*c**2 + 12*c - 7. Does 13 divide j(y)?
False
Suppose u - 68 = -4*k + 3*u, 2*u = 2*k - 30. Suppose -5*j = 4 - k. Suppose -2*p - 45 = -j*s, -s + 15 = p - 5*p. Is s a multiple of 3?
True
Let w(p) = 26*p**2 - 47*p - 64. Is 33 a factor of w(-12)?
False
Suppose 3*p - 2*g - g - 3 = 0, p + 5*g - 25 = 0. Let f be -4 + p + 4 + 887. Suppose 4*j - f = -